{"id":15,"date":"2019-01-10T20:29:56","date_gmt":"2019-01-10T20:29:56","guid":{"rendered":"http:\/\/dr-odenwald.de\/?page_id=15"},"modified":"2026-01-14T11:57:59","modified_gmt":"2026-01-14T11:57:59","slug":"team","status":"publish","type":"page","link":"https:\/\/dr-odenwald.de\/?page_id=15","title":{"rendered":"Team"},"content":{"rendered":"\n<p><strong>Ihre \u00c4rzte <\/strong>&nbsp;&nbsp;<\/p>\n\n\n\n<p class=\"has-text-align-left\"><a href=\"https:\/\/dr-odenwald.de\/?page_id=1550\">Dr. med. Steffen Odenwald<\/a>,  Susanne Frister und Dr. med. Lara Liewald (Fach\u00e4rzte f\u00fcr Orthop\u00e4die und Unfallchirurgie)&nbsp; <\/p>\n\n\n\n<div class=\"wp-block-image\"><figure class=\"alignleft size-medium\"><img loading=\"lazy\" width=\"229\" height=\"300\" src=\"https:\/\/dr-odenwald.de\/wp-content\/uploads\/2022\/03\/Dr_Odenwald_Empfang-e1647588370743-229x300.jpg\" alt=\"\" class=\"wp-image-132\" srcset=\"https:\/\/dr-odenwald.de\/wp-content\/uploads\/2022\/03\/Dr_Odenwald_Empfang-e1647588370743-229x300.jpg 229w, https:\/\/dr-odenwald.de\/wp-content\/uploads\/2022\/03\/Dr_Odenwald_Empfang-e1647588370743-781x1024.jpg 781w, https:\/\/dr-odenwald.de\/wp-content\/uploads\/2022\/03\/Dr_Odenwald_Empfang-e1647588370743-768x1008.jpg 768w, https:\/\/dr-odenwald.de\/wp-content\/uploads\/2022\/03\/Dr_Odenwald_Empfang-e1647588370743-1171x1536.jpg 1171w, https:\/\/dr-odenwald.de\/wp-content\/uploads\/2022\/03\/Dr_Odenwald_Empfang-e1647588370743-1561x2048.jpg 1561w, https:\/\/dr-odenwald.de\/wp-content\/uploads\/2022\/03\/Dr_Odenwald_Empfang-e1647588370743.jpg 1667w\" sizes=\"(max-width: 229px) 100vw, 229px\" \/><\/figure><\/div>\n\n\n\n<p class=\"has-text-align-right\">&amp; <strong>Ihr kompetentes Team (alphabetisch sortiert) <\/strong>&nbsp;<\/p>\n\n\n\n<p class=\"has-text-align-right\">Iris Akin (OP Assistenz)<\/p>\n\n\n\n<p class=\"has-text-align-right\">Tanja Barber (Anmeldung)<\/p>\n\n\n\n<p class=\"has-text-align-right\">Christine Eberhardt (Praxismanagerin)<\/p>\n\n\n\n<p class=\"has-text-align-right\">Valentina Janjic (Auszubildende 2. Lehrjahr)<\/p>\n\n\n\n<p class=\"has-text-align-right\">Vivian Kindermann (Anmeldung, Sprechstunde)<\/p>\n\n\n\n<p class=\"has-text-align-right\">Noemi Mang (Auszubildende 1. Lehrjahr)<\/p>\n\n\n\n<p class=\"has-text-align-right\">Julia Schumacher (Sprechstunde, OP Assistenz, Wundmanagement)<br>Kornelia Volle (Verwaltung)<\/p>\n\n\n\n<p class=\"has-text-align-right\">tun alles daf\u00fcr, die bestm\u00f6gliche Behandlung f\u00fcr Sie zu garantieren.<\/p>\n\n\n\n<p><\/p>\n","protected":false},"excerpt":{"rendered":"<p>Ihre \u00c4rzte &nbsp;&nbsp; Dr. med. Steffen Odenwald, Susanne Frister und Dr. med. Lara Liewald (Fach\u00e4rzte f\u00fcr Orthop\u00e4die und Unfallchirurgie)&nbsp; &amp; Ihr kompetentes Team (alphabetisch sortiert) &nbsp; Iris Akin (OP Assistenz) Tanja Barber (Anmeldung) Christine Eberhardt (Praxismanagerin) Valentina Janjic (Auszubildende 2. Lehrjahr) Vivian Kindermann (Anmeldung, Sprechstunde) Noemi Mang (Auszubildende 1. Lehrjahr) Julia Schumacher (Sprechstunde, OP Assistenz, [&hellip;]<\/p>\n","protected":false},"author":1,"featured_media":163,"parent":0,"menu_order":0,"comment_status":"closed","ping_status":"closed","template":"","meta":[],"_links":{"self":[{"href":"https:\/\/dr-odenwald.de\/index.php?rest_route=\/wp\/v2\/pages\/15"}],"collection":[{"href":"https:\/\/dr-odenwald.de\/index.php?rest_route=\/wp\/v2\/pages"}],"about":[{"href":"https:\/\/dr-odenwald.de\/index.php?rest_route=\/wp\/v2\/types\/page"}],"author":[{"embeddable":true,"href":"https:\/\/dr-odenwald.de\/index.php?rest_route=\/wp\/v2\/users\/1"}],"replies":[{"embeddable":true,"href":"https:\/\/dr-odenwald.de\/index.php?rest_route=%2Fwp%2Fv2%2Fcomments&post=15"}],"version-history":[{"count":22,"href":"https:\/\/dr-odenwald.de\/index.php?rest_route=\/wp\/v2\/pages\/15\/revisions"}],"predecessor-version":[{"id":1663,"href":"https:\/\/dr-odenwald.de\/index.php?rest_route=\/wp\/v2\/pages\/15\/revisions\/1663"}],"wp:featuredmedia":[{"embeddable":true,"href":"https:\/\/dr-odenwald.de\/index.php?rest_route=\/wp\/v2\/media\/163"}],"wp:attachment":[{"href":"https:\/\/dr-odenwald.de\/index.php?rest_route=%2Fwp%2Fv2%2Fmedia&parent=15"}],"curies":[{"name":"wp","href":"https:\/\/api.w.org\/{rel}","templated":true}]}}