{"id":34,"date":"2019-01-10T20:40:12","date_gmt":"2019-01-10T20:40:12","guid":{"rendered":"http:\/\/dr-odenwald.de\/?page_id=34"},"modified":"2022-03-16T22:46:55","modified_gmt":"2022-03-16T22:46:55","slug":"konservativ","status":"publish","type":"page","link":"https:\/\/dr-odenwald.de\/?page_id=34","title":{"rendered":"Konservativ"},"content":{"rendered":"\n<p>Hyalorons\u00e4uretherapie&nbsp;<br>PRP\/ACP Therapie&nbsp;<br>Akupunktur&nbsp;<br>Sto\u00dfwellentherapie&nbsp;<\/p>\n\n\n\n<p><img loading=\"lazy\" width=\"1883\" height=\"2500\" class=\"wp-image-339\" style=\"width: 150px;\" src=\"https:\/\/dr-odenwald.de\/wp-content\/uploads\/2022\/03\/fokusierte-Stosswelle-2.jpg\" alt=\"\" srcset=\"https:\/\/dr-odenwald.de\/wp-content\/uploads\/2022\/03\/fokusierte-Stosswelle-2.jpg 1883w, https:\/\/dr-odenwald.de\/wp-content\/uploads\/2022\/03\/fokusierte-Stosswelle-2-226x300.jpg 226w, https:\/\/dr-odenwald.de\/wp-content\/uploads\/2022\/03\/fokusierte-Stosswelle-2-771x1024.jpg 771w, https:\/\/dr-odenwald.de\/wp-content\/uploads\/2022\/03\/fokusierte-Stosswelle-2-768x1020.jpg 768w, https:\/\/dr-odenwald.de\/wp-content\/uploads\/2022\/03\/fokusierte-Stosswelle-2-1157x1536.jpg 1157w, https:\/\/dr-odenwald.de\/wp-content\/uploads\/2022\/03\/fokusierte-Stosswelle-2-1543x2048.jpg 1543w\" sizes=\"(max-width: 1883px) 100vw, 1883px\" \/><br>Injektionstherapie an der Wirbels\u00e4ule unter R\u00f6ntgenkontrolle&nbsp;<br>4-D Wirbels\u00e4ulenvermessung&nbsp;<\/p>\n\n\n\n<p><img loading=\"lazy\" width=\"740\" height=\"2500\" class=\"wp-image-341\" style=\"width: 150px;\" src=\"https:\/\/dr-odenwald.de\/wp-content\/uploads\/2022\/03\/Wirbelsaeulenvermessung.jpg\" alt=\"\" srcset=\"https:\/\/dr-odenwald.de\/wp-content\/uploads\/2022\/03\/Wirbelsaeulenvermessung.jpg 740w, https:\/\/dr-odenwald.de\/wp-content\/uploads\/2022\/03\/Wirbelsaeulenvermessung-89x300.jpg 89w, https:\/\/dr-odenwald.de\/wp-content\/uploads\/2022\/03\/Wirbelsaeulenvermessung-303x1024.jpg 303w, https:\/\/dr-odenwald.de\/wp-content\/uploads\/2022\/03\/Wirbelsaeulenvermessung-455x1536.jpg 455w, https:\/\/dr-odenwald.de\/wp-content\/uploads\/2022\/03\/Wirbelsaeulenvermessung-606x2048.jpg 606w\" sizes=\"(max-width: 740px) 100vw, 740px\" \/><br>Sensomotorische Einlagen (MedReflexx)&nbsp;<br>Hydrojet&nbsp;<\/p>\n\n\n\n<p><img loading=\"lazy\" width=\"1835\" height=\"2500\" class=\"wp-image-357\" style=\"width: 150px;\" src=\"https:\/\/dr-odenwald.de\/wp-content\/uploads\/2022\/03\/Hydrojet-MAssageliege.jpg\" alt=\"\" srcset=\"https:\/\/dr-odenwald.de\/wp-content\/uploads\/2022\/03\/Hydrojet-MAssageliege.jpg 1835w, https:\/\/dr-odenwald.de\/wp-content\/uploads\/2022\/03\/Hydrojet-MAssageliege-220x300.jpg 220w, https:\/\/dr-odenwald.de\/wp-content\/uploads\/2022\/03\/Hydrojet-MAssageliege-752x1024.jpg 752w, https:\/\/dr-odenwald.de\/wp-content\/uploads\/2022\/03\/Hydrojet-MAssageliege-768x1046.jpg 768w, https:\/\/dr-odenwald.de\/wp-content\/uploads\/2022\/03\/Hydrojet-MAssageliege-1127x1536.jpg 1127w, https:\/\/dr-odenwald.de\/wp-content\/uploads\/2022\/03\/Hydrojet-MAssageliege-1503x2048.jpg 1503w\" sizes=\"(max-width: 1835px) 100vw, 1835px\" \/><br>Galileo&nbsp;<br>Magnetfeldtherapie&nbsp;<br>KinesioTaping&nbsp;<br>Manuelle Medizin (Chirotherapie)<\/p>\n","protected":false},"excerpt":{"rendered":"<p>Hyalorons\u00e4uretherapie&nbsp;PRP\/ACP Therapie&nbsp;Akupunktur&nbsp;Sto\u00dfwellentherapie&nbsp; Injektionstherapie an der Wirbels\u00e4ule unter R\u00f6ntgenkontrolle&nbsp;4-D Wirbels\u00e4ulenvermessung&nbsp; Sensomotorische Einlagen (MedReflexx)&nbsp;Hydrojet&nbsp; Galileo&nbsp;Magnetfeldtherapie&nbsp;KinesioTaping&nbsp;Manuelle Medizin (Chirotherapie)<\/p>\n","protected":false},"author":1,"featured_media":334,"parent":13,"menu_order":10,"comment_status":"closed","ping_status":"closed","template":"","meta":[],"_links":{"self":[{"href":"https:\/\/dr-odenwald.de\/index.php?rest_route=\/wp\/v2\/pages\/34"}],"collection":[{"href":"https:\/\/dr-odenwald.de\/index.php?rest_route=\/wp\/v2\/pages"}],"about":[{"href":"https:\/\/dr-odenwald.de\/index.php?rest_route=\/wp\/v2\/types\/page"}],"author":[{"embeddable":true,"href":"https:\/\/dr-odenwald.de\/index.php?rest_route=\/wp\/v2\/users\/1"}],"replies":[{"embeddable":true,"href":"https:\/\/dr-odenwald.de\/index.php?rest_route=%2Fwp%2Fv2%2Fcomments&post=34"}],"version-history":[{"count":6,"href":"https:\/\/dr-odenwald.de\/index.php?rest_route=\/wp\/v2\/pages\/34\/revisions"}],"predecessor-version":[{"id":364,"href":"https:\/\/dr-odenwald.de\/index.php?rest_route=\/wp\/v2\/pages\/34\/revisions\/364"}],"up":[{"embeddable":true,"href":"https:\/\/dr-odenwald.de\/index.php?rest_route=\/wp\/v2\/pages\/13"}],"wp:featuredmedia":[{"embeddable":true,"href":"https:\/\/dr-odenwald.de\/index.php?rest_route=\/wp\/v2\/media\/334"}],"wp:attachment":[{"href":"https:\/\/dr-odenwald.de\/index.php?rest_route=%2Fwp%2Fv2%2Fmedia&parent=34"}],"curies":[{"name":"wp","href":"https:\/\/api.w.org\/{rel}","templated":true}]}}